12/r). Let m be (i/6 + 0)*15/(-10). Calculate the highest common factor of m and 16.
16
Let m be 28*(1/2 + 1). Suppose 96*o - 2842 = -4*q + 95*o, -4*q - 5*o = -2850. Let f = -654 + q. What is the highest common factor of m and f?
14
Let r = 27 - 22. Suppose -3*x - 52 = -r*y, 16 = -0*y + 3*y + 2*x. Suppose h - 40 = 5*z, -7*z + 3*z + 40 = h. Calculate the highest common divisor of h and y.
8
Let f = 35 + -36. Let c(o) = -5*o + 1. Let z be c(f). Let u be ((-9)/z)/((-4)/72). What is the greatest common factor of 3 and u?
3
Let z be ((-83)/3)/(1/3). Let d = z + 67. Let f = d + 45. Calculate the highest common factor of 29 and f.
29
Let i = 50 - 48. Suppose j - 2*v - 70 = -j, 2*j + i*v = 70. Let t(d) = d + 2. Let w be t(5). What is the greatest common factor of w and j?
7
Suppose 10*c + 139 = 13*c + h, -5*c + h + 245 = 0. Suppose 5*d = -3*q - 6, 2*d - 6*d = 4*q. What is the highest common divisor of q and c?
3
Suppose -74*s + 20*s - 24786 = 0. Let k = -441 - s. Calculate the highest common divisor of k and 702.
18
Let g = -27006 + 27378. Calculate the greatest common factor of 3844 and g.
124
Suppose 49*o = 1022 + 5446. What is the highest common factor of 3102 and o?
66
Let a(p) = p**3 + 55*p**2 + 49*p - 257. Let j be a(-54). Let v = -42 + 159. Calculate the highest common divisor of v and j.
13
Suppose -57*i = -56*i - 6. Suppose -10*o + 12*o = i. Suppose 406 = 10*g - o*g. What is the greatest common divisor of g and 87?
29
Let r(w) = -10*w**3 + 12*w**2 + 34*w + 203. Let z be r(-9). What is the highest common divisor of z and 41?
41
Let w = -291 - -293. Suppose -2*a + a - 2095 = -5*x, 2*a + 830 = w*x. What is the highest common divisor of x and 30?
30
Let f(h) = -3*h**2 - 27*h + 787. Let k be f(-21). Let p(u) = -47*u - 4. Let r be p(-3). Let l = k + r. What is the greatest common factor of l and 24?
24
Let v(u) = -59*u - 237. Let t be v(-13). What is the greatest common factor of t and 50?
10
Let g = -914 - -970. What is the greatest common divisor of g and 21?
7
Let x be 17 + -5 + -1 + -2. Suppose 56 = 13*f - x. Let o(k) = -k**3 - 7*k**2 - 6*k + 2. Let n be o(-6). Calculate the highest common divisor of n and f.
1
Suppose -g = -d - 16, -23 - 13 = -g - 4*d. Calculate the greatest common factor of g and 1700.
20
Suppose -5*x + 1434 = 16*x - 2955. Let z be 1/(-3)*19*-3. Calculate the highest common factor of x and z.
19
Let j(a) = 86*a**2 - 10*a + 41. Let m be j(6). Suppose -4*i + 4112 = -k - 3*k, -4*k = 3*i - m. What is the highest common factor of 13 and i?
13
Suppose -935*o + 966*o - 31 = 0. Calculate the greatest common factor of o and 3701.
1
Suppose 37*s - 38*s - 3*o = -45, -5*s + 8*o + 271 = 0. Calculate the greatest common divisor of s and 2839.
17
Let b be 12 + (-3)/(6/(-286)). Calculate the highest common factor of 341 and b.
31
Let q(b) = -15*b + 2968. Let r be q(23). Calculate the greatest common divisor of 215 and r.
43
Let a = 21275 - 21185. What is the greatest common factor of a and 6795?
45
Suppose -25 = -25*j - 0. Let u be (3325/57)/(j/3). Calculate the highest common divisor of 25 and u.
25
Let k be 1 + (-229)/(-2) + (2460/(-40))/(-41). What is the highest common divisor of k and 4836?
39
Let t be (-1)/((8/14)/(-4)). Let m(y) = -6*y**3 + 3*y**2 - 6*y - 8. Let p be m(-1). What is the highest common factor of t and p?
7
Let z(v) = 34*v**2 - 5*v - 424. Let i be z(16). Calculate the highest common factor of 40 and i.
40
Let q(m) = -34*m**3 - 2*m**2 - m. Let b be q(-2). Suppose -16*f - 3024 = -41*f - 47*f - 36*f. Calculate the greatest common divisor of f and b.
14
Let n = -1769 - -1195. Let d = -352 - n. What is the highest common factor of 6 and d?
6
Let g be -2*((-3)/9 - 182/12). Suppose -g*y + 648 = -23*y. What is the highest common factor of y and 189?
27
Let n(g) = -g**3 - 2*g + 35. Let v(x) = 19*x - 114. Let i be v(6). Let y be n(i). What is the highest common factor of 21 and y?
7
Let u(d) be the second derivative of -d**5/20 - d**4/12 + 17*d**3/3 - 8*d**2 + 19*d. Let j be u(-7). Calculate the highest common divisor of j and 64.
8
Let o(b) = -48*b - 11. Let j be o(-7). Suppose 3*k - 8*k + j = 0. What is the highest common divisor of 5 and k?
5
Let a(x) = 9602*x + 96052. Let c be a(-10). Let h = 108 - 76. What is the greatest common factor of c and h?
32
Let y = 6737 + -6585. Calculate the highest common divisor of y and 627.
19
Suppose -2*c + 33*c + 8835 = 0. Let q = 327 + c. Let m(a) = -13*a**3 + a**2. Let j be m(-1). Calculate the greatest common divisor of q and j.
14
Let k(v) = v + 59*v**2 + 78*v**2 + 78*v**2 + 1. Let s be k(-1). Suppose -b - 35 = -s. What is the highest common factor of 36 and b?
36
Suppose -314*y + 51 = -311*y. Suppose a = 19 - y. Calculate the greatest common factor of 32 and a.
2
Let n = 193 - 191. Suppose -n*m - 2*m - 4*t = -204, -4*m = -5*t - 240. What is the greatest common factor of m and 11?
11
Let r be (-8)/(6 - 7) - (8 - 9). What is the greatest common divisor of 53 and r?
1
Suppose -4*m + 753 = 5*t, 2*m = 4*t - 68 - 550. What is the greatest common divisor of 6 and t?
3
Let b be 5747 - ((-2 - -4) + -1). Suppose b = 13*d + 832. What is the highest common factor of 42 and d?
42
Let c(s) = -47*s**3 + 3*s**2 - 14*s - 17. Let m be c(-1). Calculate the highest common factor of m and 235.
47
Let r = 15662 + -1976. Calculate the highest common divisor of 6 and r.
6
Let z be (-92)/((-356)/(-90) - 4/1). Suppose -41*c + z = -11*c. Calculate the highest common divisor of 1104 and c.
69
Let x be ((-36)/144 + 361/4)*2/4. Calculate the highest common divisor of 485 and x.
5
Suppose 4*x + o + 634 = -510, 1144 = -4*x - 4*o. Let z = 322 + x. Let l(h) = 2*h**2 - h - 3. Let f be l(-3). Calculate the greatest common factor of f and z.
18
Let x(o) = 50*o + 234. Let n be x(-3). Suppose -4*s + 575 = -3*t, 3*s - 5*t = 5*s - 255. What is the highest common divisor of n and s?
28
Let c(t) = -t**2 + 11*t - 5. Let s be c(4). Let u = 172 + -152. Let g be ((-23)/(-3))/(u/60). Calculate the highest common divisor of s and g.
23
Let p = 5460 + 615. What is the highest common divisor of 25 and p?
25
Let g = -27323 - -27581. Calculate the greatest common divisor of 6 and g.
6
Suppose 0 = -2*y - 2*y. Suppose 0 = s, -2 = -2*g + s - y. Let w = -337 - -338. What is the highest common factor of g and w?
1
Let j = 43 - -7. Suppose -8*r - 10 = -j. Let o be (88/10)/((-1)/(r/(-1))). Calculate the greatest common divisor of 66 and o.
22
Let p(o) = 3*o**2 + 6*o - 11. Let a be p(-5). Let y = a + -28. Let f(l) = l**2 - 4*l + 15. Let g be f(y). Calculate the greatest common divisor of g and 27.
27
Let g = -426 - -451. Suppose 9*k + 2*p + 56 = 11*k, 0 = 5*p - g. What is the highest common divisor of k and 825?
33
Let d = 1285 - 821. What is the highest common divisor of d and 4?
4
Suppose -54 = -2*t + 4*s + 2, 2*s = 3*t - 72. Suppose 63 + 56 = 7*f. Suppose -127 + f = -b. Calculate the greatest common factor of t and b.
22
Let o(z) = -2*z**3 + 19*z**2 + 12*z + 9. Let w be o(9). Suppose 4*l - w = u + 185, -94 = -l + 2*u. What is the greatest common divisor of l and 6?
6
Let w = 53 + 60. Suppose -d + w = -4. Let h be (-3 + d/15)/((-4)/(-150)). What is the greatest common divisor of h and 72?
36
Let o = -161 - -125. Let a = 44 - o. Calculate the greatest common divisor of 20 and a.
20
Suppose -23*a + 39*a - 1040 = 0. Let c be (a/(-2))/(2/(-20)). Calculate the highest common divisor of 26 and c.
13
Suppose -32*j + 22071 - 1121 = -30250. What is the highest common divisor of 125 and j?
25
Suppose 0 = -23*i + 32*i + 2277. Let r = -237 - i. Let w(c) = 3*c**2 + 4. Let q be w(-6). Calculate the highest common divisor of q and r.
16
Suppose h + 4*a = 1250, 100*h - 96*h - 5090 = -a. Calculate the highest common factor of 78 and h.
26
Suppose 5*z = 286 - 31. Let r = 115 - 81. What is the greatest common factor of r and z?
17
Let a = -619 + 1159. Suppose -2*q - a = -8*q. Calculate the greatest common divisor of 72 and q.
18
Let r = 11471 - 4170. Calculate the greatest common divisor of r and 49.
49
Suppose 345 = 3*j - 168. Suppose -3*w = 30, 31566*x = 31561*x - 3*w + 65. Calculate the greatest common divisor of j and x.
19
Suppose -19*k + 923 = 220. What is the highest common factor of 851 and k?
37
Let p(k) = 96*k + 1904. Let i be p(-19). What is the hi